[INFO] fetching crate bevy_rng 0.3.0...
[INFO] building bevy_rng-0.3.0 against master#ff34b919075f35a1787659e9c448a34b06bab8de for issue-85264
[INFO] extracting crate bevy_rng 0.3.0 into /workspace/builds/worker-10/source
[INFO] validating manifest of crates.io crate bevy_rng 0.3.0 on toolchain ff34b919075f35a1787659e9c448a34b06bab8de
[INFO] running `Command { std: "/workspace/cargo-home/bin/cargo" "+ff34b919075f35a1787659e9c448a34b06bab8de" "metadata" "--manifest-path" "Cargo.toml" "--no-deps", kill_on_drop: false }`
[INFO] started tweaking crates.io crate bevy_rng 0.3.0
[INFO] finished tweaking crates.io crate bevy_rng 0.3.0
[INFO] tweaked toml for crates.io crate bevy_rng 0.3.0 written to /workspace/builds/worker-10/source/Cargo.toml
[INFO] crate crates.io crate bevy_rng 0.3.0 already has a lockfile, it will not be regenerated
[INFO] running `Command { std: "/workspace/cargo-home/bin/cargo" "+ff34b919075f35a1787659e9c448a34b06bab8de" "fetch" "--manifest-path" "Cargo.toml", kill_on_drop: false }`
[INFO] running `Command { std: "docker" "create" "-v" "/var/lib/crater-agent-workspace/builds/worker-10/target:/opt/rustwide/target:rw,Z" "-v" "/var/lib/crater-agent-workspace/builds/worker-10/source:/opt/rustwide/workdir:ro,Z" "-v" "/var/lib/crater-agent-workspace/cargo-home:/opt/rustwide/cargo-home:ro,Z" "-v" "/var/lib/crater-agent-workspace/rustup-home:/opt/rustwide/rustup-home:ro,Z" "-e" "SOURCE_DIR=/opt/rustwide/workdir" "-e" "CARGO_TARGET_DIR=/opt/rustwide/target" "-e" "CARGO_HOME=/opt/rustwide/cargo-home" "-e" "RUSTUP_HOME=/opt/rustwide/rustup-home" "-w" "/opt/rustwide/workdir" "-m" "1610612736" "--user" "0:0" "--network" "none" "ghcr.io/rust-lang/crates-build-env/linux@sha256:20528e8c29e4536546f0102ce88568b16ea7538393a33fcca951030f7af10457" "/opt/rustwide/cargo-home/bin/cargo" "+ff34b919075f35a1787659e9c448a34b06bab8de" "metadata" "--no-deps" "--format-version=1", kill_on_drop: false }`
[INFO] [stdout] c8b2227dd0f7df16ce7ca176cdadbb1a8e679910107773f28f71c848c525cf7a
[INFO] [stderr] WARNING: Your kernel does not support swap limit capabilities or the cgroup is not mounted. Memory limited without swap.
[INFO] running `Command { std: "docker" "start" "-a" "c8b2227dd0f7df16ce7ca176cdadbb1a8e679910107773f28f71c848c525cf7a", kill_on_drop: false }`
[INFO] running `Command { std: "docker" "inspect" "c8b2227dd0f7df16ce7ca176cdadbb1a8e679910107773f28f71c848c525cf7a", kill_on_drop: false }`
[INFO] running `Command { std: "docker" "rm" "-f" "c8b2227dd0f7df16ce7ca176cdadbb1a8e679910107773f28f71c848c525cf7a", kill_on_drop: false }`
[INFO] [stdout] c8b2227dd0f7df16ce7ca176cdadbb1a8e679910107773f28f71c848c525cf7a
[INFO] running `Command { std: "docker" "create" "-v" "/var/lib/crater-agent-workspace/builds/worker-10/target:/opt/rustwide/target:rw,Z" "-v" "/var/lib/crater-agent-workspace/builds/worker-10/source:/opt/rustwide/workdir:ro,Z" "-v" "/var/lib/crater-agent-workspace/cargo-home:/opt/rustwide/cargo-home:ro,Z" "-v" "/var/lib/crater-agent-workspace/rustup-home:/opt/rustwide/rustup-home:ro,Z" "-e" "SOURCE_DIR=/opt/rustwide/workdir" "-e" "CARGO_TARGET_DIR=/opt/rustwide/target" "-e" "CARGO_INCREMENTAL=0" "-e" "RUST_BACKTRACE=full" "-e" "RUSTFLAGS=--cap-lints=forbid" "-e" "CARGO_HOME=/opt/rustwide/cargo-home" "-e" "RUSTUP_HOME=/opt/rustwide/rustup-home" "-w" "/opt/rustwide/workdir" "-m" "1610612736" "--user" "0:0" "--network" "none" "ghcr.io/rust-lang/crates-build-env/linux@sha256:20528e8c29e4536546f0102ce88568b16ea7538393a33fcca951030f7af10457" "/opt/rustwide/cargo-home/bin/cargo" "+ff34b919075f35a1787659e9c448a34b06bab8de" "build" "--frozen" "--message-format=json", kill_on_drop: false }`
[INFO] [stdout] c40fa706fd6ca617423ca281872e77846f8526bc92c6ebf94bee6fa49dde10f5
[INFO] [stderr] WARNING: Your kernel does not support swap limit capabilities or the cgroup is not mounted. Memory limited without swap.
[INFO] running `Command { std: "docker" "start" "-a" "c40fa706fd6ca617423ca281872e77846f8526bc92c6ebf94bee6fa49dde10f5", kill_on_drop: false }`
[INFO] [stderr]    Compiling libc v0.2.86
[INFO] [stderr]    Compiling proc-macro2 v1.0.24
[INFO] [stderr]    Compiling syn v1.0.60
[INFO] [stderr]    Compiling getrandom v0.2.2
[INFO] [stderr]    Compiling version_check v0.9.2
[INFO] [stderr]    Compiling once_cell v1.5.2
[INFO] [stderr]    Compiling anyhow v1.0.38
[INFO] [stderr]    Compiling lock_api v0.4.2
[INFO] [stderr]    Compiling crossbeam-utils v0.8.1
[INFO] [stderr]    Compiling num-traits v0.2.14
[INFO] [stderr]    Compiling crossbeam-utils v0.7.2
[INFO] [stderr]    Compiling num-integer v0.1.44
[INFO] [stderr]    Compiling futures-lite v1.11.3
[INFO] [stderr]    Compiling tracing-log v0.1.1
[INFO] [stderr]    Compiling matchers v0.0.1
[INFO] [stderr]    Compiling thread_local v1.1.3
[INFO] [stderr]    Compiling ahash v0.6.3
[INFO] [stderr]    Compiling glam v0.11.3
[INFO] [stderr]    Compiling regex v1.4.3
[INFO] [stderr]    Compiling crossbeam-channel v0.4.4
[INFO] [stderr]    Compiling quote v1.0.9
[INFO] [stderr]    Compiling crossbeam-channel v0.5.0
[INFO] [stderr]    Compiling getrandom v0.1.16
[INFO] [stderr]    Compiling num_cpus v1.13.0
[INFO] [stderr]    Compiling inotify-sys v0.1.5
[INFO] [stderr]    Compiling time v0.1.43
[INFO] [stderr]    Compiling filetime v0.2.14
[INFO] [stderr]    Compiling mio v0.7.7
[INFO] [stderr]    Compiling async-executor v1.4.0
[INFO] [stderr]    Compiling inotify v0.9.2
[INFO] [stderr]    Compiling rand_core v0.6.2
[INFO] [stderr]    Compiling rand_core v0.5.1
[INFO] [stderr]    Compiling rand_chacha v0.2.2
[INFO] [stderr]    Compiling bevy_tasks v0.4.0
[INFO] [stderr]    Compiling rand_xoshiro v0.6.0
[INFO] [stderr]    Compiling rand_seeder v0.2.2
[INFO] [stderr]    Compiling rand v0.8.3
[INFO] [stderr]    Compiling notify v5.0.0-pre.5
[INFO] [stderr]    Compiling chrono v0.4.19
[INFO] [stderr]    Compiling rand v0.7.3
[INFO] [stderr]    Compiling serde_derive v1.0.123
[INFO] [stderr]    Compiling tracing-attributes v0.1.12
[INFO] [stderr]    Compiling thiserror-impl v1.0.23
[INFO] [stderr]    Compiling thiserror v1.0.23
[INFO] [stderr]    Compiling tracing v0.1.23
[INFO] [stderr]    Compiling serde v1.0.123
[INFO] [stderr]    Compiling toml v0.5.8
[INFO] [stderr]    Compiling smallvec v1.6.1
[INFO] [stderr]    Compiling uuid v0.8.2
[INFO] [stderr]    Compiling erased-serde v0.3.13
[INFO] [stderr]    Compiling ron v0.6.4
[INFO] [stderr]    Compiling serde_json v1.0.62
[INFO] [stderr]    Compiling tracing-serde v0.1.2
[INFO] [stderr]    Compiling parking_lot_core v0.8.3
[INFO] [stderr]    Compiling bevy_utils v0.4.0
[INFO] [stderr]    Compiling parking_lot v0.11.1
[INFO] [stderr]    Compiling tracing-subscriber v0.2.15
[INFO] [stderr]    Compiling find-crate v0.6.3
[INFO] [stderr]    Compiling bevy_ecs_macros v0.4.0
[INFO] [stderr]    Compiling bevy_derive v0.4.0
[INFO] [stderr]    Compiling bevy_reflect_derive v0.4.0
[INFO] [stderr]    Compiling bevy_ecs v0.4.0
[INFO] [stderr]    Compiling bevy_app v0.4.0
[INFO] [stderr]    Compiling bevy_reflect v0.4.0
[INFO] [stderr]    Compiling bevy_log v0.4.0
[INFO] [stderr]    Compiling bevy_math v0.4.0
[INFO] [stderr]    Compiling bevy_asset v0.4.0
[INFO] [stderr]    Compiling bevy_transform v0.4.0
[INFO] [stderr]    Compiling bevy_core v0.4.0
[INFO] [stderr]    Compiling bevy_input v0.4.0
[INFO] [stderr]    Compiling bevy_window v0.4.0
[INFO] [stderr]    Compiling bevy_diagnostic v0.4.0
[INFO] [stderr]    Compiling bevy_scene v0.4.0
[INFO] [stderr]    Compiling bevy_internal v0.4.0
[INFO] [stderr]    Compiling bevy v0.4.0
[INFO] [stderr]    Compiling bevy_rng v0.3.0 (/opt/rustwide/workdir)
[INFO] [stderr]     Finished dev [unoptimized + debuginfo] target(s) in 1m 08s
[INFO] running `Command { std: "docker" "inspect" "c40fa706fd6ca617423ca281872e77846f8526bc92c6ebf94bee6fa49dde10f5", kill_on_drop: false }`
[INFO] running `Command { std: "docker" "rm" "-f" "c40fa706fd6ca617423ca281872e77846f8526bc92c6ebf94bee6fa49dde10f5", kill_on_drop: false }`
[INFO] [stdout] c40fa706fd6ca617423ca281872e77846f8526bc92c6ebf94bee6fa49dde10f5
[INFO] running `Command { std: "docker" "create" "-v" "/var/lib/crater-agent-workspace/builds/worker-10/target:/opt/rustwide/target:rw,Z" "-v" "/var/lib/crater-agent-workspace/builds/worker-10/source:/opt/rustwide/workdir:ro,Z" "-v" "/var/lib/crater-agent-workspace/cargo-home:/opt/rustwide/cargo-home:ro,Z" "-v" "/var/lib/crater-agent-workspace/rustup-home:/opt/rustwide/rustup-home:ro,Z" "-e" "SOURCE_DIR=/opt/rustwide/workdir" "-e" "CARGO_TARGET_DIR=/opt/rustwide/target" "-e" "CARGO_INCREMENTAL=0" "-e" "RUST_BACKTRACE=full" "-e" "RUSTFLAGS=--cap-lints=forbid" "-e" "CARGO_HOME=/opt/rustwide/cargo-home" "-e" "RUSTUP_HOME=/opt/rustwide/rustup-home" "-w" "/opt/rustwide/workdir" "-m" "1610612736" "--user" "0:0" "--network" "none" "ghcr.io/rust-lang/crates-build-env/linux@sha256:20528e8c29e4536546f0102ce88568b16ea7538393a33fcca951030f7af10457" "/opt/rustwide/cargo-home/bin/cargo" "+ff34b919075f35a1787659e9c448a34b06bab8de" "test" "--frozen" "--no-run" "--message-format=json", kill_on_drop: false }`
[INFO] [stderr] WARNING: Your kernel does not support swap limit capabilities or the cgroup is not mounted. Memory limited without swap.
[INFO] [stdout] bb5ab8cc5ae586f98a941630bfdac83787b450c7aa706a552c508a47a5b880bf
[INFO] running `Command { std: "docker" "start" "-a" "bb5ab8cc5ae586f98a941630bfdac83787b450c7aa706a552c508a47a5b880bf", kill_on_drop: false }`
[INFO] [stderr]    Compiling bevy_rng v0.3.0 (/opt/rustwide/workdir)
[INFO] [stdout] error[E0433]: failed to resolve: use of undeclared crate or module `bevy`
[INFO] [stdout]  --> examples/rng.rs:2:5
[INFO] [stdout]   |
[INFO] [stdout] 2 | use bevy::prelude::*;
[INFO] [stdout]   |     ^^^^ use of undeclared crate or module `bevy`
[INFO] [stdout] 
[INFO] [stdout] 
[INFO] [stdout] error[E0433]: failed to resolve: use of undeclared crate or module `bevy`
[INFO] [stdout]  --> examples/rng.rs:1:5
[INFO] [stdout]   |
[INFO] [stdout] 1 | use bevy::app::ScheduleRunnerSettings;
[INFO] [stdout]   |     ^^^^ use of undeclared crate or module `bevy`
[INFO] [stdout] 
[INFO] [stdout] 
[INFO] [stdout] error[E0432]: unresolved import `bevy::app::ScheduleRunnerSettings`
[INFO] [stdout]  --> examples/rng.rs:1:5
[INFO] [stdout]   |
[INFO] [stdout] 1 | use bevy::app::ScheduleRunnerSettings;
[INFO] [stdout]   |     ^^^^^^^^^^^^^^^^^^^^^^^^^^^^^^^^^
[INFO] [stdout] 
[INFO] [stdout] 
[INFO] [stdout] error[E0433]: failed to resolve: use of undeclared type `App`
[INFO] [stdout]  --> examples/rng.rs:8:5
[INFO] [stdout]   |
[INFO] [stdout] 8 |     App::build()
[INFO] [stdout]   |     ^^^ not found in this scope
[INFO] [stdout]   |
[INFO] [stdout] help: consider importing this struct
[INFO] [stdout]   |
[INFO] [stdout] 1 | use bevy_stable::app::App;
[INFO] [stdout]   |
[INFO] [stdout] 
[INFO] [stdout] 
[INFO] [stdout] error[E0433]: failed to resolve: use of undeclared type `ScheduleRunnerSettings`
[INFO] [stdout]  --> examples/rng.rs:9:23
[INFO] [stdout]   |
[INFO] [stdout] 9 |         .add_resource(ScheduleRunnerSettings::run_once())
[INFO] [stdout]   |                       ^^^^^^^^^^^^^^^^^^^^^^ not found in this scope
[INFO] [stdout]   |
[INFO] [stdout] help: consider importing this struct
[INFO] [stdout]   |
[INFO] [stdout] 1 | use bevy_stable::app::ScheduleRunnerSettings;
[INFO] [stdout]   |
[INFO] [stdout] 
[INFO] [stdout] 
[INFO] [stdout] error[E0425]: cannot find value `MinimalPlugins` in this scope
[INFO] [stdout]   --> examples/rng.rs:10:22
[INFO] [stdout]    |
[INFO] [stdout] 10 |         .add_plugins(MinimalPlugins)
[INFO] [stdout]    |                      ^^^^^^^^^^^^^^ not found in this scope
[INFO] [stdout]    |
[INFO] [stdout] help: consider importing this unit struct
[INFO] [stdout]    |
[INFO] [stdout] 1  | use bevy_stable::MinimalPlugins;
[INFO] [stdout]    |
[INFO] [stdout] 
[INFO] [stdout] 
[INFO] [stdout] error[E0433]: failed to resolve: use of undeclared type `App`
[INFO] [stdout]   --> examples/rng.rs:16:5
[INFO] [stdout]    |
[INFO] [stdout] 16 |     App::build()
[INFO] [stdout]    |     ^^^ not found in this scope
[INFO] [stdout]    |
[INFO] [stdout] help: consider importing this struct
[INFO] [stdout]    |
[INFO] [stdout] 1  | use bevy_stable::app::App;
[INFO] [stdout]    |
[INFO] [stdout] 
[INFO] [stdout] 
[INFO] [stdout] error[E0433]: failed to resolve: use of undeclared type `ScheduleRunnerSettings`
[INFO] [stdout]   --> examples/rng.rs:17:23
[INFO] [stdout]    |
[INFO] [stdout] 17 |         .add_resource(ScheduleRunnerSettings::run_once())
[INFO] [stdout]    |                       ^^^^^^^^^^^^^^^^^^^^^^ not found in this scope
[INFO] [stdout]    |
[INFO] [stdout] help: consider importing this struct
[INFO] [stdout]    |
[INFO] [stdout] 1  | use bevy_stable::app::ScheduleRunnerSettings;
[INFO] [stdout]    |
[INFO] [stdout] 
[INFO] [stdout] 
[INFO] [stdout] error[E0425]: cannot find value `MinimalPlugins` in this scope
[INFO] [stdout]   --> examples/rng.rs:18:22
[INFO] [stdout]    |
[INFO] [stdout] 18 |         .add_plugins(MinimalPlugins)
[INFO] [stdout]    |                      ^^^^^^^^^^^^^^ not found in this scope
[INFO] [stdout]    |
[INFO] [stdout] help: consider importing this unit struct
[INFO] [stdout]    |
[INFO] [stdout] 1  | use bevy_stable::MinimalPlugins;
[INFO] [stdout]    |
[INFO] [stdout] 
[INFO] [stdout] 
[INFO] [stdout] error[E0433]: failed to resolve: use of undeclared type `App`
[INFO] [stdout]   --> examples/rng.rs:25:5
[INFO] [stdout]    |
[INFO] [stdout] 25 |     App::build()
[INFO] [stdout]    |     ^^^ not found in this scope
[INFO] [stdout]    |
[INFO] [stdout] help: consider importing this struct
[INFO] [stdout]    |
[INFO] [stdout] 1  | use bevy_stable::app::App;
[INFO] [stdout]    |
[INFO] [stdout] 
[INFO] [stdout] 
[INFO] [stdout] error[E0433]: failed to resolve: use of undeclared type `ScheduleRunnerSettings`
[INFO] [stdout]   --> examples/rng.rs:26:23
[INFO] [stdout]    |
[INFO] [stdout] 26 |         .add_resource(ScheduleRunnerSettings::run_once())
[INFO] [stdout]    |                       ^^^^^^^^^^^^^^^^^^^^^^ not found in this scope
[INFO] [stdout]    |
[INFO] [stdout] help: consider importing this struct
[INFO] [stdout]    |
[INFO] [stdout] 1  | use bevy_stable::app::ScheduleRunnerSettings;
[INFO] [stdout]    |
[INFO] [stdout] 
[INFO] [stdout] 
[INFO] [stdout] error[E0425]: cannot find value `MinimalPlugins` in this scope
[INFO] [stdout]   --> examples/rng.rs:27:22
[INFO] [stdout]    |
[INFO] [stdout] 27 |         .add_plugins(MinimalPlugins)
[INFO] [stdout]    |                      ^^^^^^^^^^^^^^ not found in this scope
[INFO] [stdout]    |
[INFO] [stdout] help: consider importing this unit struct
[INFO] [stdout]    |
[INFO] [stdout] 1  | use bevy_stable::MinimalPlugins;
[INFO] [stdout]    |
[INFO] [stdout] 
[INFO] [stdout] 
[INFO] [stdout] error[E0433]: failed to resolve: use of undeclared type `App`
[INFO] [stdout]   --> examples/rng.rs:34:5
[INFO] [stdout]    |
[INFO] [stdout] 34 |     App::build()
[INFO] [stdout]    |     ^^^ not found in this scope
[INFO] [stdout]    |
[INFO] [stdout] help: consider importing this struct
[INFO] [stdout]    |
[INFO] [stdout] 1  | use bevy_stable::app::App;
[INFO] [stdout]    |
[INFO] [stdout] 
[INFO] [stdout] 
[INFO] [stdout] error[E0433]: failed to resolve: use of undeclared type `ScheduleRunnerSettings`
[INFO] [stdout]   --> examples/rng.rs:35:23
[INFO] [stdout]    |
[INFO] [stdout] 35 |         .add_resource(ScheduleRunnerSettings::run_loop(Duration::from_millis(100)))
[INFO] [stdout]    |                       ^^^^^^^^^^^^^^^^^^^^^^ not found in this scope
[INFO] [stdout]    |
[INFO] [stdout] help: consider importing this struct
[INFO] [stdout]    |
[INFO] [stdout] 1  | use bevy_stable::app::ScheduleRunnerSettings;
[INFO] [stdout]    |
[INFO] [stdout] 
[INFO] [stdout] 
[INFO] [stdout] error[E0425]: cannot find value `MinimalPlugins` in this scope
[INFO] [stdout]   --> examples/rng.rs:36:22
[INFO] [stdout]    |
[INFO] [stdout] 36 |         .add_plugins(MinimalPlugins)
[INFO] [stdout]    |                      ^^^^^^^^^^^^^^ not found in this scope
[INFO] [stdout]    |
[INFO] [stdout] help: consider importing this unit struct
[INFO] [stdout]    |
[INFO] [stdout] 1  | use bevy_stable::MinimalPlugins;
[INFO] [stdout]    |
[INFO] [stdout] 
[INFO] [stdout] 
[INFO] [stdout] error[E0412]: cannot find type `Local` in this scope
[INFO] [stdout]   --> examples/rng.rs:43:29
[INFO] [stdout]    |
[INFO] [stdout] 43 | fn random_number_1(mut rng: Local<Rng>) {
[INFO] [stdout]    |                             ^^^^^ not found in this scope
[INFO] [stdout]    |
[INFO] [stdout] help: consider importing this struct
[INFO] [stdout]    |
[INFO] [stdout] 1  | use bevy_stable::ecs::Local;
[INFO] [stdout]    |
[INFO] [stdout] 
[INFO] [stdout] 
[INFO] [stdout] error[E0412]: cannot find type `Local` in this scope
[INFO] [stdout]   --> examples/rng.rs:47:29
[INFO] [stdout]    |
[INFO] [stdout] 47 | fn random_number_2(mut rng: Local<Rng>) {
[INFO] [stdout]    |                             ^^^^^ not found in this scope
[INFO] [stdout]    |
[INFO] [stdout] help: consider importing this struct
[INFO] [stdout]    |
[INFO] [stdout] 1  | use bevy_stable::ecs::Local;
[INFO] [stdout]    |
[INFO] [stdout] 
[INFO] [stdout] 
[INFO] [stdout] error[E0599]: no method named `system` found for fn item `fn([type error]) {random_number_1}` in the current scope
[INFO] [stdout]    --> examples/rng.rs:11:37
[INFO] [stdout]     |
[INFO] [stdout] 11  |         .add_system(random_number_1.system())
[INFO] [stdout]     |                                     ^^^^^^ method not found in `fn([type error]) {random_number_1}`
[INFO] [stdout]     | 
[INFO] [stdout]    ::: /opt/rustwide/cargo-home/registry/src/github.com-1ecc6299db9ec823/bevy_ecs-0.4.0/src/system/into_system.rs:194:8
[INFO] [stdout]     |
[INFO] [stdout] 194 |     fn system(self) -> SystemType;
[INFO] [stdout]     |        ------ the method is available for `fn([type error]) {random_number_1}` here
[INFO] [stdout]     |
[INFO] [stdout]     = note: `random_number_1` is a function, perhaps you wish to call it
[INFO] [stdout]     = help: items from traits can only be used if the trait is in scope
[INFO] [stdout] help: the following trait is implemented but not in scope; perhaps add a `use` for it:
[INFO] [stdout]     |
[INFO] [stdout] 1   | use bevy_ecs::system::into_system::IntoSystem;
[INFO] [stdout]     |
[INFO] [stdout] 
[INFO] [stdout] 
[INFO] [stdout] error[E0599]: no method named `system` found for fn item `fn([type error]) {random_number_2}` in the current scope
[INFO] [stdout]    --> examples/rng.rs:12:37
[INFO] [stdout]     |
[INFO] [stdout] 12  |         .add_system(random_number_2.system())
[INFO] [stdout]     |                                     ^^^^^^ method not found in `fn([type error]) {random_number_2}`
[INFO] [stdout]     | 
[INFO] [stdout]    ::: /opt/rustwide/cargo-home/registry/src/github.com-1ecc6299db9ec823/bevy_ecs-0.4.0/src/system/into_system.rs:194:8
[INFO] [stdout]     |
[INFO] [stdout] 194 |     fn system(self) -> SystemType;
[INFO] [stdout]     |        ------ the method is available for `fn([type error]) {random_number_2}` here
[INFO] [stdout]     |
[INFO] [stdout]     = note: `random_number_2` is a function, perhaps you wish to call it
[INFO] [stdout]     = help: items from traits can only be used if the trait is in scope
[INFO] [stdout] help: the following trait is implemented but not in scope; perhaps add a `use` for it:
[INFO] [stdout]     |
[INFO] [stdout] 1   | use bevy_ecs::system::into_system::IntoSystem;
[INFO] [stdout]     |
[INFO] [stdout] 
[INFO] [stdout] 
[INFO] [stdout] error[E0599]: no method named `system` found for fn item `fn([type error]) {random_number_1}` in the current scope
[INFO] [stdout]    --> examples/rng.rs:20:37
[INFO] [stdout]     |
[INFO] [stdout] 20  |         .add_system(random_number_1.system())
[INFO] [stdout]     |                                     ^^^^^^ method not found in `fn([type error]) {random_number_1}`
[INFO] [stdout]     | 
[INFO] [stdout]    ::: /opt/rustwide/cargo-home/registry/src/github.com-1ecc6299db9ec823/bevy_ecs-0.4.0/src/system/into_system.rs:194:8
[INFO] [stdout]     |
[INFO] [stdout] 194 |     fn system(self) -> SystemType;
[INFO] [stdout]     |        ------ the method is available for `fn([type error]) {random_number_1}` here
[INFO] [stdout]     |
[INFO] [stdout]     = note: `random_number_1` is a function, perhaps you wish to call it
[INFO] [stdout]     = help: items from traits can only be used if the trait is in scope
[INFO] [stdout] help: the following trait is implemented but not in scope; perhaps add a `use` for it:
[INFO] [stdout]     |
[INFO] [stdout] 1   | use bevy_ecs::system::into_system::IntoSystem;
[INFO] [stdout]     |
[INFO] [stdout] 
[INFO] [stdout] 
[INFO] [stdout] error[E0599]: no method named `system` found for fn item `fn([type error]) {random_number_2}` in the current scope
[INFO] [stdout]    --> examples/rng.rs:21:37
[INFO] [stdout]     |
[INFO] [stdout] 21  |         .add_system(random_number_2.system())
[INFO] [stdout]     |                                     ^^^^^^ method not found in `fn([type error]) {random_number_2}`
[INFO] [stdout]     | 
[INFO] [stdout]    ::: /opt/rustwide/cargo-home/registry/src/github.com-1ecc6299db9ec823/bevy_ecs-0.4.0/src/system/into_system.rs:194:8
[INFO] [stdout]     |
[INFO] [stdout] 194 |     fn system(self) -> SystemType;
[INFO] [stdout]     |        ------ the method is available for `fn([type error]) {random_number_2}` here
[INFO] [stdout]     |
[INFO] [stdout]     = note: `random_number_2` is a function, perhaps you wish to call it
[INFO] [stdout]     = help: items from traits can only be used if the trait is in scope
[INFO] [stdout] help: the following trait is implemented but not in scope; perhaps add a `use` for it:
[INFO] [stdout]     |
[INFO] [stdout] 1   | use bevy_ecs::system::into_system::IntoSystem;
[INFO] [stdout]     |
[INFO] [stdout] 
[INFO] [stdout] 
[INFO] [stdout] error[E0599]: no method named `system` found for fn item `fn([type error]) {random_number_1}` in the current scope
[INFO] [stdout]    --> examples/rng.rs:29:37
[INFO] [stdout]     |
[INFO] [stdout] 29  |         .add_system(random_number_1.system())
[INFO] [stdout]     |                                     ^^^^^^ method not found in `fn([type error]) {random_number_1}`
[INFO] [stdout]     | 
[INFO] [stdout]    ::: /opt/rustwide/cargo-home/registry/src/github.com-1ecc6299db9ec823/bevy_ecs-0.4.0/src/system/into_system.rs:194:8
[INFO] [stdout]     |
[INFO] [stdout] 194 |     fn system(self) -> SystemType;
[INFO] [stdout]     |        ------ the method is available for `fn([type error]) {random_number_1}` here
[INFO] [stdout]     |
[INFO] [stdout]     = note: `random_number_1` is a function, perhaps you wish to call it
[INFO] [stdout]     = help: items from traits can only be used if the trait is in scope
[INFO] [stdout] help: the following trait is implemented but not in scope; perhaps add a `use` for it:
[INFO] [stdout]     |
[INFO] [stdout] 1   | use bevy_ecs::system::into_system::IntoSystem;
[INFO] [stdout]     |
[INFO] [stdout] 
[INFO] [stdout] 
[INFO] [stdout] error[E0599]: no method named `system` found for fn item `fn([type error]) {random_number_2}` in the current scope
[INFO] [stdout]    --> examples/rng.rs:30:37
[INFO] [stdout]     |
[INFO] [stdout] 30  |         .add_system(random_number_2.system())
[INFO] [stdout]     |                                     ^^^^^^ method not found in `fn([type error]) {random_number_2}`
[INFO] [stdout]     | 
[INFO] [stdout]    ::: /opt/rustwide/cargo-home/registry/src/github.com-1ecc6299db9ec823/bevy_ecs-0.4.0/src/system/into_system.rs:194:8
[INFO] [stdout]     |
[INFO] [stdout] 194 |     fn system(self) -> SystemType;
[INFO] [stdout]     |        ------ the method is available for `fn([type error]) {random_number_2}` here
[INFO] [stdout]     |
[INFO] [stdout]     = note: `random_number_2` is a function, perhaps you wish to call it
[INFO] [stdout]     = help: items from traits can only be used if the trait is in scope
[INFO] [stdout] help: the following trait is implemented but not in scope; perhaps add a `use` for it:
[INFO] [stdout]     |
[INFO] [stdout] 1   | use bevy_ecs::system::into_system::IntoSystem;
[INFO] [stdout]     |
[INFO] [stdout] 
[INFO] [stdout] 
[INFO] [stdout] error[E0599]: no method named `system` found for fn item `fn([type error]) {random_number_1}` in the current scope
[INFO] [stdout]    --> examples/rng.rs:38:37
[INFO] [stdout]     |
[INFO] [stdout] 38  |         .add_system(random_number_1.system())
[INFO] [stdout]     |                                     ^^^^^^ method not found in `fn([type error]) {random_number_1}`
[INFO] [stdout]     | 
[INFO] [stdout]    ::: /opt/rustwide/cargo-home/registry/src/github.com-1ecc6299db9ec823/bevy_ecs-0.4.0/src/system/into_system.rs:194:8
[INFO] [stdout]     |
[INFO] [stdout] 194 |     fn system(self) -> SystemType;
[INFO] [stdout]     |        ------ the method is available for `fn([type error]) {random_number_1}` here
[INFO] [stdout]     |
[INFO] [stdout]     = note: `random_number_1` is a function, perhaps you wish to call it
[INFO] [stdout]     = help: items from traits can only be used if the trait is in scope
[INFO] [stdout] help: the following trait is implemented but not in scope; perhaps add a `use` for it:
[INFO] [stdout]     |
[INFO] [stdout] 1   | use bevy_ecs::system::into_system::IntoSystem;
[INFO] [stdout]     |
[INFO] [stdout] 
[INFO] [stdout] 
[INFO] [stdout] error[E0599]: no method named `system` found for fn item `fn([type error]) {random_number_2}` in the current scope
[INFO] [stdout]    --> examples/rng.rs:39:37
[INFO] [stdout]     |
[INFO] [stdout] 39  |         .add_system(random_number_2.system())
[INFO] [stdout]     |                                     ^^^^^^ method not found in `fn([type error]) {random_number_2}`
[INFO] [stdout]     | 
[INFO] [stdout]    ::: /opt/rustwide/cargo-home/registry/src/github.com-1ecc6299db9ec823/bevy_ecs-0.4.0/src/system/into_system.rs:194:8
[INFO] [stdout]     |
[INFO] [stdout] 194 |     fn system(self) -> SystemType;
[INFO] [stdout]     |        ------ the method is available for `fn([type error]) {random_number_2}` here
[INFO] [stdout]     |
[INFO] [stdout]     = note: `random_number_2` is a function, perhaps you wish to call it
[INFO] [stdout]     = help: items from traits can only be used if the trait is in scope
[INFO] [stdout] help: the following trait is implemented but not in scope; perhaps add a `use` for it:
[INFO] [stdout]     |
[INFO] [stdout] 1   | use bevy_ecs::system::into_system::IntoSystem;
[INFO] [stdout]     |
[INFO] [stdout] 
[INFO] [stdout] 
[INFO] [stdout] error: aborting due to 25 previous errors
[INFO] [stdout] 
[INFO] [stdout] 
[INFO] [stderr] error: could not compile `bevy_rng`
[INFO] [stdout] Some errors have detailed explanations: E0412, E0425, E0432, E0433, E0599.
[INFO] [stdout] 
[INFO] [stderr] 
[INFO] [stdout] For more information about an error, try `rustc --explain E0412`.
[INFO] [stdout] 
[INFO] [stderr] To learn more, run the command again with --verbose.
[INFO] [stderr] warning: build failed, waiting for other jobs to finish...
[INFO] [stderr] error: build failed
[INFO] running `Command { std: "docker" "inspect" "bb5ab8cc5ae586f98a941630bfdac83787b450c7aa706a552c508a47a5b880bf", kill_on_drop: false }`
[INFO] running `Command { std: "docker" "rm" "-f" "bb5ab8cc5ae586f98a941630bfdac83787b450c7aa706a552c508a47a5b880bf", kill_on_drop: false }`
[INFO] [stdout] bb5ab8cc5ae586f98a941630bfdac83787b450c7aa706a552c508a47a5b880bf
